{"id":3468,"date":"2024-02-06T15:45:23","date_gmt":"2024-02-06T15:45:23","guid":{"rendered":"https:\/\/wunschfinder.at\/?page_id=3468"},"modified":"2024-02-22T10:59:14","modified_gmt":"2024-02-22T10:59:14","slug":"feste","status":"publish","type":"page","link":"https:\/\/wunschfinder.at\/index.php\/feste\/","title":{"rendered":"feste"},"content":{"rendered":"<p><div class=\"fusion-fullwidth fullwidth-box fusion-builder-row-1 fusion-flex-container nonhundred-percent-fullwidth non-hundred-percent-height-scrolling\" style=\"--awb-border-radius-top-left:0px;--awb-border-radius-top-right:0px;--awb-border-radius-bottom-right:0px;--awb-border-radius-bottom-left:0px;--awb-margin-bottom:110px;--awb-flex-wrap:wrap;\" ><div class=\"fusion-builder-row fusion-row fusion-flex-align-items-center fusion-flex-content-wrap\" style=\"max-width:calc( 1200px + 100px );margin-left: calc(-100px \/ 2 );margin-right: calc(-100px \/ 2 );\"><div class=\"fusion-layout-column fusion_builder_column fusion-builder-column-0 fusion_builder_column_1_2 1_2 fusion-flex-column\" style=\"--awb-padding-left-medium:40px;--awb-padding-right-small:0px;--awb-padding-left-small:0px;--awb-bg-size:cover;--awb-width-large:50%;--awb-margin-top-large:0px;--awb-spacing-right-large:50px;--awb-margin-bottom-large:0px;--awb-spacing-left-large:50px;--awb-width-medium:100%;--awb-order-medium:0;--awb-spacing-right-medium:50px;--awb-spacing-left-medium:50px;--awb-width-small:100%;--awb-order-small:0;--awb-spacing-right-small:50px;--awb-margin-bottom-small:50px;--awb-spacing-left-small:50px;\"><div class=\"fusion-column-wrapper fusion-column-has-shadow fusion-flex-justify-content-flex-start fusion-content-layout-column\"><div class=\"fusion-image-element \" style=\"--awb-caption-title-font-family:var(--h2_typography-font-family);--awb-caption-title-font-weight:var(--h2_typography-font-weight);--awb-caption-title-font-style:var(--h2_typography-font-style);--awb-caption-title-size:var(--h2_typography-font-size);--awb-caption-title-transform:var(--h2_typography-text-transform);--awb-caption-title-line-height:var(--h2_typography-line-height);--awb-caption-title-letter-spacing:var(--h2_typography-letter-spacing);\"><span class=\" fusion-imageframe imageframe-none imageframe-1 hover-type-none\" style=\"border-radius:6px;\"><img decoding=\"async\" width=\"1240\" height=\"825\" title=\"hochzeit\" src=\"https:\/\/wunschfinder.at\/wp-content\/uploads\/2024\/02\/unsere_hochzeit_small-14.jpg\" alt class=\"img-responsive wp-image-3469\" srcset=\"https:\/\/wunschfinder.at\/wp-content\/uploads\/2024\/02\/unsere_hochzeit_small-14-200x133.jpg 200w, https:\/\/wunschfinder.at\/wp-content\/uploads\/2024\/02\/unsere_hochzeit_small-14-400x266.jpg 400w, https:\/\/wunschfinder.at\/wp-content\/uploads\/2024\/02\/unsere_hochzeit_small-14-600x399.jpg 600w, https:\/\/wunschfinder.at\/wp-content\/uploads\/2024\/02\/unsere_hochzeit_small-14-800x532.jpg 800w, https:\/\/wunschfinder.at\/wp-content\/uploads\/2024\/02\/unsere_hochzeit_small-14-1200x798.jpg 1200w, https:\/\/wunschfinder.at\/wp-content\/uploads\/2024\/02\/unsere_hochzeit_small-14.jpg 1240w\" sizes=\"(max-width: 1000px) 100vw, (max-width: 605px) 100vw, 600px\" \/><\/span><\/div><\/div><\/div><div class=\"fusion-layout-column fusion_builder_column fusion-builder-column-1 fusion_builder_column_1_2 1_2 fusion-flex-column\" style=\"--awb-padding-left-medium:40px;--awb-padding-right-small:0px;--awb-padding-left-small:0px;--awb-bg-size:cover;--awb-width-large:50%;--awb-margin-top-large:0px;--awb-spacing-right-large:50px;--awb-margin-bottom-large:0px;--awb-spacing-left-large:50px;--awb-width-medium:100%;--awb-order-medium:0;--awb-spacing-right-medium:50px;--awb-spacing-left-medium:50px;--awb-width-small:100%;--awb-order-small:0;--awb-spacing-right-small:50px;--awb-margin-bottom-small:50px;--awb-spacing-left-small:50px;\"><div class=\"fusion-column-wrapper fusion-column-has-shadow fusion-flex-justify-content-flex-start fusion-content-layout-column\"><div class=\"fusion-title title fusion-title-1 fusion-sep-none fusion-title-text fusion-title-size-one\" style=\"--awb-margin-bottom:28px;--awb-font-size:16px;\"><h1 class=\"fusion-title-heading title-heading-left\" style=\"margin:0;font-size:1em;line-height:1.5em;\"><h4>Feste geh\u00f6ren gefeiert!<\/h4><\/h1><\/div><div class=\"fusion-text fusion-text-1\"><p>Du planst ein Gartenfest, eine Geburtstagsfeier oder \u00c4hnliches und brauchst Hilfe oder die komplette Planung und Durchf\u00fchrung des Festes. Ich helfe gerne, Dein privates Fest zu etwas ganz Besonderem zu gestalten.<\/p>\n<p><a href=\"mailto:office@wunschfinder.at\" target=\"_blank\" rel=\"noopener\">Bitte kontaktiere mich<\/a> und verrate mir<\/p>\n<p>Name, Adresse, Telefon und email, Alter, Geschlecht, Datum, Ort des Festes und Beschreibung, erz\u00e4hle mir soviel wie m\u00f6glich \u00fcber Dein Wunschfest.<\/p>\n<p>Preis nach Vereinbarung<\/p>\n<\/div><div class=\"fusion-image-carousel fusion-image-carousel-auto fusion-image-carousel-1 lightbox-enabled fusion-carousel-border\"><div class=\"awb-carousel awb-swiper awb-swiper-carousel\" data-autoplay=\"no\" data-columns=\"3\" data-itemmargin=\"13\" data-itemwidth=\"180\" data-touchscroll=\"no\" data-imagesize=\"auto\" style=\"--awb-columns:3;\"><div class=\"swiper-wrapper awb-image-carousel-wrapper fusion-flex-align-items-center\"><div class=\"swiper-slide\"><div class=\"fusion-carousel-item-wrapper\"><div class=\"fusion-image-wrapper hover-type-none\"><a data-rel=\"iLightbox[image_carousel_1]\" data-caption=\"Many triangular flags for the holiday\" data-title=\"Many triangular flags for the holiday.\" aria-label=\"Many triangular flags for the holiday.\" href=\"https:\/\/wunschfinder.at\/wp-content\/uploads\/2023\/01\/gartenparty_square.jpg\" target=\"_self\"><img decoding=\"async\" width=\"1240\" height=\"1240\" src=\"https:\/\/wunschfinder.at\/wp-content\/uploads\/2023\/01\/gartenparty_square.jpg\" class=\"attachment-full size-full\" alt=\"\" srcset=\"https:\/\/wunschfinder.at\/wp-content\/uploads\/2023\/01\/gartenparty_square-200x200.jpg 200w, https:\/\/wunschfinder.at\/wp-content\/uploads\/2023\/01\/gartenparty_square-400x400.jpg 400w, https:\/\/wunschfinder.at\/wp-content\/uploads\/2023\/01\/gartenparty_square-600x600.jpg 600w, https:\/\/wunschfinder.at\/wp-content\/uploads\/2023\/01\/gartenparty_square-800x800.jpg 800w, https:\/\/wunschfinder.at\/wp-content\/uploads\/2023\/01\/gartenparty_square-1200x1200.jpg 1200w, https:\/\/wunschfinder.at\/wp-content\/uploads\/2023\/01\/gartenparty_square.jpg 1240w\" sizes=\"(min-width: 2200px) 100vw, (min-width: 784px) 391px, (min-width: 712px) 587px, (min-width: 640px) 712px, \" \/><\/a><\/div><\/div><\/div><div class=\"swiper-slide\"><div class=\"fusion-carousel-item-wrapper\"><div class=\"fusion-image-wrapper hover-type-none\"><a data-rel=\"iLightbox[image_carousel_1]\" data-caption=\"Handsome elegant man is holding roses and covering his girlfriend&#039;s eyes while making a surprise in restaurant, both are smiling\" data-title=\"Couple on a date\" aria-label=\"Couple on a date\" href=\"https:\/\/wunschfinder.at\/wp-content\/uploads\/2023\/01\/dinner_square.jpg\" target=\"_self\"><img decoding=\"async\" width=\"1240\" height=\"1240\" src=\"https:\/\/wunschfinder.at\/wp-content\/uploads\/2023\/01\/dinner_square.jpg\" class=\"attachment-full size-full\" alt=\"\" srcset=\"https:\/\/wunschfinder.at\/wp-content\/uploads\/2023\/01\/dinner_square-200x200.jpg 200w, https:\/\/wunschfinder.at\/wp-content\/uploads\/2023\/01\/dinner_square-400x400.jpg 400w, https:\/\/wunschfinder.at\/wp-content\/uploads\/2023\/01\/dinner_square-600x600.jpg 600w, https:\/\/wunschfinder.at\/wp-content\/uploads\/2023\/01\/dinner_square-800x800.jpg 800w, https:\/\/wunschfinder.at\/wp-content\/uploads\/2023\/01\/dinner_square-1200x1200.jpg 1200w, https:\/\/wunschfinder.at\/wp-content\/uploads\/2023\/01\/dinner_square.jpg 1240w\" sizes=\"(min-width: 2200px) 100vw, (min-width: 784px) 391px, (min-width: 712px) 587px, (min-width: 640px) 712px, \" \/><\/a><\/div><\/div><\/div><div class=\"swiper-slide\"><div class=\"fusion-carousel-item-wrapper\"><div class=\"fusion-image-wrapper hover-type-none\"><a data-rel=\"iLightbox[image_carousel_1]\" data-caption=\"A selection of pink, blue, cream cupcakes on a table for a baby shower with a big cake in the background.\" data-title=\"Selection of cupcakes\" aria-label=\"Selection of cupcakes\" href=\"https:\/\/wunschfinder.at\/wp-content\/uploads\/2023\/01\/babyshower_squarejpg.jpg\" target=\"_self\"><img decoding=\"async\" width=\"1240\" height=\"1240\" src=\"https:\/\/wunschfinder.at\/wp-content\/uploads\/2023\/01\/babyshower_squarejpg.jpg\" class=\"attachment-full size-full\" alt=\"\" srcset=\"https:\/\/wunschfinder.at\/wp-content\/uploads\/2023\/01\/babyshower_squarejpg-200x200.jpg 200w, https:\/\/wunschfinder.at\/wp-content\/uploads\/2023\/01\/babyshower_squarejpg-400x400.jpg 400w, https:\/\/wunschfinder.at\/wp-content\/uploads\/2023\/01\/babyshower_squarejpg-600x600.jpg 600w, https:\/\/wunschfinder.at\/wp-content\/uploads\/2023\/01\/babyshower_squarejpg-800x800.jpg 800w, https:\/\/wunschfinder.at\/wp-content\/uploads\/2023\/01\/babyshower_squarejpg-1200x1200.jpg 1200w, https:\/\/wunschfinder.at\/wp-content\/uploads\/2023\/01\/babyshower_squarejpg.jpg 1240w\" sizes=\"(min-width: 2200px) 100vw, (min-width: 784px) 391px, (min-width: 712px) 587px, (min-width: 640px) 712px, \" \/><\/a><\/div><\/div><\/div><div class=\"swiper-slide\"><div class=\"fusion-carousel-item-wrapper\"><div class=\"fusion-image-wrapper hover-type-none\"><a data-rel=\"iLightbox[image_carousel_1]\" data-title=\"hochzeit_s_w\" aria-label=\"hochzeit_s_w\" href=\"https:\/\/wunschfinder.at\/wp-content\/uploads\/2023\/01\/festefeiern_home_sq.jpg\" target=\"_self\"><img decoding=\"async\" width=\"1200\" height=\"1200\" src=\"https:\/\/wunschfinder.at\/wp-content\/uploads\/2023\/01\/festefeiern_home_sq.jpg\" class=\"attachment-full size-full\" alt=\"\" srcset=\"https:\/\/wunschfinder.at\/wp-content\/uploads\/2023\/01\/festefeiern_home_sq-200x200.jpg 200w, https:\/\/wunschfinder.at\/wp-content\/uploads\/2023\/01\/festefeiern_home_sq-400x400.jpg 400w, https:\/\/wunschfinder.at\/wp-content\/uploads\/2023\/01\/festefeiern_home_sq-600x600.jpg 600w, https:\/\/wunschfinder.at\/wp-content\/uploads\/2023\/01\/festefeiern_home_sq-800x800.jpg 800w, https:\/\/wunschfinder.at\/wp-content\/uploads\/2023\/01\/festefeiern_home_sq.jpg 1200w\" sizes=\"(min-width: 2200px) 100vw, (min-width: 784px) 391px, (min-width: 712px) 587px, (min-width: 640px) 712px, \" \/><\/a><\/div><\/div><\/div><\/div><div class=\"awb-swiper-button awb-swiper-button-prev\"><i class=\"awb-icon-angle-left\" aria-hidden=\"true\"><\/i><\/div><div class=\"awb-swiper-button awb-swiper-button-next\"><i class=\"awb-icon-angle-right\" aria-hidden=\"true\"><\/i><\/div><\/div><\/div><\/div><\/div><\/div><\/div><div class=\"fusion-fullwidth fullwidth-box fusion-builder-row-2 fusion-flex-container has-pattern-background has-mask-background nonhundred-percent-fullwidth non-hundred-percent-height-scrolling\" style=\"--awb-border-radius-top-left:0px;--awb-border-radius-top-right:0px;--awb-border-radius-bottom-right:0px;--awb-border-radius-bottom-left:0px;--awb-flex-wrap:wrap;\" ><div class=\"fusion-builder-row fusion-row fusion-flex-align-items-flex-start fusion-flex-content-wrap\" style=\"max-width:1248px;margin-left: calc(-4% \/ 2 );margin-right: calc(-4% \/ 2 );\"><div class=\"fusion-layout-column fusion_builder_column fusion-builder-column-2 fusion_builder_column_1_1 1_1 fusion-flex-column\" style=\"--awb-bg-size:cover;--awb-width-large:100%;--awb-margin-top-large:0px;--awb-spacing-right-large:1.92%;--awb-margin-bottom-large:20px;--awb-spacing-left-large:1.92%;--awb-width-medium:100%;--awb-order-medium:0;--awb-spacing-right-medium:1.92%;--awb-spacing-left-medium:1.92%;--awb-width-small:100%;--awb-order-small:0;--awb-spacing-right-small:1.92%;--awb-spacing-left-small:1.92%;\"><div class=\"fusion-column-wrapper fusion-column-has-shadow fusion-flex-justify-content-flex-end fusion-content-layout-column\"><\/div><\/div><\/div><\/div><\/p>\n","protected":false},"excerpt":{"rendered":"","protected":false},"author":2,"featured_media":0,"parent":0,"menu_order":0,"comment_status":"closed","ping_status":"closed","template":"100-width.php","meta":{"footnotes":""},"class_list":["post-3468","page","type-page","status-publish","hentry"],"_links":{"self":[{"href":"https:\/\/wunschfinder.at\/index.php\/wp-json\/wp\/v2\/pages\/3468","targetHints":{"allow":["GET"]}}],"collection":[{"href":"https:\/\/wunschfinder.at\/index.php\/wp-json\/wp\/v2\/pages"}],"about":[{"href":"https:\/\/wunschfinder.at\/index.php\/wp-json\/wp\/v2\/types\/page"}],"author":[{"embeddable":true,"href":"https:\/\/wunschfinder.at\/index.php\/wp-json\/wp\/v2\/users\/2"}],"replies":[{"embeddable":true,"href":"https:\/\/wunschfinder.at\/index.php\/wp-json\/wp\/v2\/comments?post=3468"}],"version-history":[{"count":2,"href":"https:\/\/wunschfinder.at\/index.php\/wp-json\/wp\/v2\/pages\/3468\/revisions"}],"predecessor-version":[{"id":3630,"href":"https:\/\/wunschfinder.at\/index.php\/wp-json\/wp\/v2\/pages\/3468\/revisions\/3630"}],"wp:attachment":[{"href":"https:\/\/wunschfinder.at\/index.php\/wp-json\/wp\/v2\/media?parent=3468"}],"curies":[{"name":"wp","href":"https:\/\/api.w.org\/{rel}","templated":true}]}}